 - 2*u**2 + 33*u - 13. What is y(-7)?
1
Let n(q) = -q**3 - 10*q**2 + 14*q - 14. Calculate n(-11).
-47
Let o(i) = 2*i + 4. Give o(5).
14
Let r(b) = -b**3 - 11*b**2 + 2*b + 23. Calculate r(-11).
1
Let z(d) = 6*d**2 + 3*d + 6. What is z(-4)?
90
Let r(t) = t**3 + 3*t**2 - 5*t - 6. Give r(-4).
-2
Let n(f) = f + 32. Determine n(-27).
5
Let l(v) = 38*v + 429. Calculate l(-11).
11
Let c(l) = -l**3 - 2*l**2 + l + 93. What is c(0)?
93
Let i(z) = -9*z + 8. Determine i(3).
-19
Let s(v) = -17*v**3 - v**2 - 4*v - 4. Give s(-1).
16
Let n(w) = -5*w - 28. What is n(-6)?
2
Let b(j) = -j**2 - 10*j. What is b(-9)?
9
Let y(a) = -4*a**3 - 3*a**2 + a + 5. Calculate y(-3).
83
Let m(f) = f**3 + 33*f**2 - 33*f + 41. Calculate m(-34).
7
Let v(t) = 5*t**2 + 70*t + 69. Determine v(-1).
4
Let i(g) = 7*g - 116. Calculate i(15).
-11
Let o(b) = b**2 - 3*b - 7. Calculate o(4).
-3
Let t(i) = 2*i**2 + 18*i + 27. Give t(-8).
11
Let n(z) = -z**3 + 15*z**2 - 16*z + 44. What is n(14)?
16
Let l(u) = -16*u - 71. Calculate l(-7).
41
Let c(r) = -11*r + 2. Give c(1).
-9
Let o(b) = -3*b + 6. What is o(8)?
-18
Let x(u) = -u**3 - 5*u**2 + 3*u + 27. Give x(-6).
45
Let r(u) = u**2 + 2*u - 9. Give r(-3).
-6
Let g(s) = -s + 7. Give g(-2).
9
Let p(a) = a**2 + 29*a + 64. Give p(-27).
10
Let r(t) = -t**2 + 6*t - 3. Give r(5).
2
Let r(j) = -j**2 - 9*j - 16. Give r(-7).
-2
Let h(s) = 2*s**2 + 12*s + 7. Give h(-7).
21
Let o(c) = -16*c**2 + 6*c - 5. Determine o(1).
-15
Let s(a) = -15*a**2 - 330*a. Determine s(-22).
0
Let i(w) = -2*w - 9. What is i(-8)?
7
Let g(k) = -k**3 + 3*k**2 + 9*k - 3. Calculate g(5).
-8
Let u(b) = b**3 - 35*b**2 - 71*b - 120. Give u(37).
-9
Let l(h) = h**2 - 16*h - 3. Determine l(9).
-66
Let v(p) = 16*p + 4. Give v(-4).
-60
Let z(j) = -j**2 - 9*j - 7. Determine z(-6).
11
Let y(k) = 2*k**2 + 40*k - 88. Give y(-23).
50
Let n(y) = -y**3 + 8*y**2 - 2*y + 6. Give n(7).
41
Let r(l) = -l**3 + 3*l + 7. Give r(3).
-11
Let w(b) = 11*b - 10. Determine w(0).
-10
Let w(y) = 2*y**2 + 7*y - 1. Determine w(-6).
29
Let g(u) = -2*u**3 + 29*u**2 + 16*u - 15. Give g(15).
0
Let x(n) = -n**2 - 18*n - 35. Give x(-16).
-3
Let w(t) = -t**3 + 22*t**2 - 22*t + 42. Determine w(21).
21
Let r(w) = 3*w - 32. Give r(12).
4
Let x(m) = 26*m. Determine x(2).
52
Let g(i) = 5*i**2 - 10*i - 1. Give g(2).
-1
Let o(n) = n**3 + 12*n**2 + 2*n + 20. Determine o(-12).
-4
Let r(p) = -6*p - 43. Give r(-15).
47
Let j(k) = -4*k - 20. Give j(-5).
0
Let n(m) = -m**3 + 16*m**2 - 12*m - 32. Calculate n(15).
13
Let x(c) = c + 26. What is x(-19)?
7
Let k(r) = 16*r - 5. Calculate k(-4).
-69
Let b(l) = l**2 - 18*l + 39. Determine b(13).
-26
Let x(s) = -7*s - 21. Determine x(-3).
0
Let q(u) = -8*u**3 + 3*u**2 - 3. Determine q(2).
-55
Let x(o) = -4*o**3 - o**2 + 1. Determine x(-1).
4
Let u(k) = 13*k + 3. Determine u(-6).
-75
Let z(j) = j**3 - 23*j**2 + 11. Determine z(23).
11
Let p(a) = 3*a**2 - 67*a - 37. Determine p(23).
9
Let p(y) = 20*y + 291. Calculate p(-15).
-9
Let a(p) = p**2 - 15*p + 25. What is a(11)?
-19
Let h(o) = o**3 - o - 20. What is h(0)?
-20
Let s(o) = 17*o**2 + 171*o + 15. What is s(-10)?
5
Let d(o) = -3*o**2 + 37*o - 43. What is d(11)?
1
Let i(f) = 2*f - 5. Calculate i(7).
9
Let r(d) = -10*d + 1. Determine r(1).
-9
Let j(z) = -30*z + 109. Determine j(4).
-11
Let a(i) = i**3 + 6*i**2 - 6. Calculate a(-6).
-6
Let a(r) = r**3 + r**2 - r - 7. Give a(0).
-7
Let k(d) = -d**3 + 4*d**2 - 5*d + 10. Give k(3).
4
Let c(p) = -47*p - 12. What is c(1)?
-59
Let l(a) = -8*a**2 + 3*a + 2. What is l(2)?
-24
Let r(j) = -3*j - 6. What is r(0)?
-6
Let c(l) = l**3 - 10*l**2 - 13*l + 12. What is c(11)?
-10
Let l(x) = -x**2 + 12*x - 4. Give l(13).
-17
Let u(z) = -5*z**2 + 32*z - 55. Calculate u(4).
-7
Let v(s) = s**2 + 2*s - 1. Give v(-4).
7
Let d(r) = -r**3 - 4*r**2 + 4*r + 13. Calculate d(-5).
18
Let w(y) = y**2 - 2*y - 3. Give w(3).
0
Let k(r) = -r**3 - 12*r**2 + 19*r - 6. Calculate k(-13).
-84
Let z(s) = 175*s**3 + 3*s - 2. Give z(1).
176
Let l(b) = 16*b - 4. Calculate l(-2).
-36
Let t(n) = -2*n**2 - 16*n - 3. Calculate t(-9).
-21
Let l(r) = -12*r - 8. Determine l(3).
-44
Let t(u) = 42*u - 374. Calculate t(9).
4
Let u(w) = 3*w - 51. Determine u(14).
-9
Let t(m) = 72*m - 279. What is t(4)?
9
Let h(a) = -12*a - 3. Calculate h(-4).
45
Let m(d) = -d**3 - 9*d**2 + 10*d + 2. Calculate m(-10).
2
Let n(f) = 2*f**3 - 4. Determine n(0).
-4
Let x(n) = n**3 - 35*n**2 - 20*n + 711. Give x(35).
11
Let b(n) = -2*n - 31. Calculate b(-15).
-1
Let u(m) = 3*m - 42. Give u(22).
24
Let u(h) = 4*h - 36. Determine u(8).
-4
Let g(f) = -6*f + 116. Calculate g(21).
-10
Let u(b) = 6*b**2 + 3*b + 2. Determine u(-1).
5
Let b(y) = 126*y + 377. Calculate b(-3).
-1
Let f(z) = -z**3 + 7*z**2 - 3*z - 1. What is f(3)?
26
Let l(s) = -4*s - 28. What is l(-7)?
0
Let n(k) = -3*k**2 - k + 1. Determine n(-3).
-23
Let v(o) = 23*o**2 + o. What is v(1)?
24
Let c(z) = z**2 - 5*z - 7. Give c(0).
-7
Let n(a) = -2*a - 24. Give n(-7).
-10
Let c(d) = d**2 - 10*d + 7. Calculate c(8).
-9
Let m(s) = -10*s**2 + 5*s - 3. What is m(2)?
-33
Let u(h) = 2*h + 7. Give u(7).
21
Let y(i) = -2*i**3 + 2*i**2 + 3*i. What is y(-1)?
1
Let i(u) = 37*u + 406. Calculate i(-11).
-1
Let z(m) = -m**2 + 38*m + 371. Give z(-8).
3
Let l(i) = 5*i**3 - 70*i**2 + 1. Calculate l(14).
1
Let i(k) = -k**3 - k**2 + 5*k - 4. Give i(-3).
-1
Let v(n) = -n**2 + 15*n + 2. Determine v(16).
-14
Let u(o) = o**3 + 8*o**2 - 3*o - 3. Determine u(-8).
21
Let c(q) = -2*q**2 + 36*q - 56. Give c(16).
8
Let b(v) = 19*v + 74. Determine b(-4).
-2
Let z(n) = -3*n - 17. Give z(14).
-59
Let l(q) = -q**2 - 8*q - 14. Determine l(-7).
-7
Let z(k) = 19*k - 24. Calculate z(2).
14
Let k(z) = z**3 + 3*z**2 + z - 1. Determine k(3).
56
Let k(v) = -9*v - 4. What is k(-5)?
41
Let x(l) = -l**2 - l + 73. What is x(0)?
73
Let m(a) = a - 7. Determine m(12).
5
Let b(p) = 4*p - 2. Calculate b(-3).
-14
Let g(l) = l**3 + 29*l**2 + l + 31. Calculate g(-29).
2
Let k(g) = 15*g + 2. Determine k(-1).
-13
Let h(r) = r**3 + 6*r**2 - 23*r + 22. Calculate h(-9).
-14
Let z(p) = -p + 15. What is z(9)?
6
Let z(w) = 5*w - 3. What is z(2)?
7
Let v(x) = -x**2 - 28*x + 129. Determine v(-32).
1
Let l(j) = -j**3 - 6*j**2 - 2*j + 7. Calculate l(-4).
-17
Let f(p) = 28*p + 8. What is f(-5)?
-132
Let a(y) = -5*y**2 - 1. Give a(-1).
-6
Let z(b) = -b**2 + 2*b + 5. What is z(7)?
-30
Let r(q) = q**3 + 7*q**2 + q - 3. Give r(-7).
-10
Let d(z) = z**3 - 7*z**2 - 3*z + 6. Determine d(6).
-48
Let q(g) = -2*g**2 - 11*g - 13. Determine q(-6).
-19
Let b(w) = -3*w - 21. Determine b(-6).
-3
Let s(c) = -4*c**2 - 3*c. What is s(-2)?
-10
Let h(q) = -q**2 + 9*q - 6. What is h(3)?
12
Let w(t) = 7*t. Give w(4).
28
Let x(p) = -p**3 + 24*p**2 + 51*p - 1. What is x(26)?
-27
Let v(i) = i**3 - 14*i**2 - 15*i + 2. Determine v(15).
2
Let n(r) = -r**3 - 8*r**2 - 9*r - 9. Calculate n(-7).
5
Let m(q) = -q**3 + 3*q**2 + 6*q - 2. Give m(-4).
86
Let n(w) = -16*w**2 - 335*w + 28. Calculate n(-21).
7
Let n(g) = -48*g**3 + 2*g**2 - 1. Calculate n(1).
-47
Let f(t) = -5*t - 177. Give f(-36).
3
Let x(s) = -s**3 - 8*s**2 - 15*s - 5. Give x(-6).
13
Let k(t) = t**2 - 6*t - 9. Give k(-3).
18
Let g(s) = s - 1. Calculate g(6).
5
Let r(s) = -s**2 - 20*s + 41. Calculate r(-22).
-3
Let i(x) = -x**3 - 18*x**2 - 4*x - 23. Determine i(-18).
49
Let s(w) = -95*w + 562. What is s(6)?
-8
Let m(t) = 15*t**2 + 100*t - 5. Give m(-7).
30
Let k(r) = r**3 - 10*r**2 - 13*r - 13. Calculate k(12).
119
Let m(i) = -3*i + 36. Calculate m(10).
6
Let y(n) = -2*n**2 + 12*n - 31. What is y(7)?
-45
Let a(n) = 6*n - 11. What is a(3)?
7
Let f(a) = 19*a**3 + 2*a**2 - 2. Determine f(1).
19
Let g(v) = -4*v + 39. Give g(3).
27
Let c(m) = -m**2 + 30*m + 23. Determine c(31).
-8
Let x(g) = -g**3 + 6*g**2 - 9*g + 8. Determine x(4).
4
Let i(c) = 2*c**2 + 14*c + 43. What is i(-4)?
19
Let m(b) = -b**3 + 17*b**2 + 21*b - 39. Give m(18).
15
Let s(q) = q**3 + 3*q**2 - 7*q - 5. Give s(-4).
7
Let u(x) = 19*x - 5. Calculate u(6).
109
Let q(s) = 19*s - 2. Calculate q(0).
-2
Let o(w) = w**3 + 4*w**2 - 9*w - 7. Determine o(-6).
-25
Let f(b) = -b**3 - 28*b**2 + b + 4. Determine f(-28).
-24
Let c(k) = -k**2 + 3*k + 42. Determine c(-5).
2
Let h(i) = i**3 - 8*i**2 + 7*i - 3. Calculate h(7).
-3
Let u(v) = 12*v + 102. What is u(-9)?
-6
Let t(f) = 6*f**2 + f + 1. What is t(